 = 5*y - 14 - 6. Suppose -3*k + k + y = 0. Suppose 9*a - k*p = 4*a + 67, -7 = -a + 2*p. What is the units digit of a?
5
Let d(q) = q**2 + 6*q. Let n be d(-6). Suppose 3*k - 2*k - 35 = n. Let u = -19 + k. What is the tens digit of u?
1
Let x(z) = 6*z**2 + z - 5. Let j be x(-3). Suppose 0*n = -4*n - 92. Let y = n + j. What is the tens digit of y?
2
Let s be (-1)/((1/(-10))/((-65)/(-10))). Suppose 2*a = o - 66, -2*o + a + 82 + s = 0. What is the tens digit of o?
7
Let m = 2840 + -2022. What is the hundreds digit of m?
8
Suppose -3*u - 55 = -n, 0 = -4*u + n + 2*n - 65. What is the units digit of (-3)/4 - 175/u?
8
Suppose -x - 5*g + 15 = -6*g, -2*g + 30 = 4*x. What is the units digit of (3 - 2/2)*1285/x?
7
Let g be 2/(-5*4*4/(-13560)). Let o = -215 + g. What is the hundreds digit of o?
1
What is the units digit of 7 + 114*(-54)/(-12)?
0
Suppose 4*w - 3*z - 25 = 0, 4*z = 5*w + 3*z - 23. Suppose f - 16 = -0*f + w*a, 4*a = 4*f - 28. What is the units digit of 24/10*30/f?
8
Suppose 4*g = 2*g + 112. Suppose 4*b - 3*p + 40 + 20 = 0, 4*b + g = 2*p. Let r = 22 + b. What is the units digit of r?
0
Let q(w) = 7*w + 3. Let l(n) = -n. Let r(c) = -5*l(c) - q(c). Let a be r(-2). What is the units digit of (a + -3)/(10/(-5))?
1
Let w be -1 + 5 + 2/1. Suppose -p - 1 = f, -f + 4*p + 2 = -w*f. What is the units digit of -1 + -5 + f + 58?
4
Suppose -5*u - 19 = 1. Let b(g) = 2*g**2 + g - 3. What is the tens digit of b(u)?
2
Let a(n) = n**3 + 5*n**2 - 5*n + 40. What is the tens digit of a(6)?
0
Suppose 86*h - 81*h = -3*o + 4551, -4*o = 2*h - 1812. What is the tens digit of h?
1
Suppose -3*m - 2*f = -2528, 3*m - 3223 = -3*f - 697. What is the tens digit of m?
4
Let r(c) = c**3 + 6*c**2 + 8*c + 5. Let x be r(-5). Let l = x + 13. Suppose 0 = h - l*y - 14, 5*h - y - 56 = -0*y. What is the tens digit of h?
1
Suppose -3*a + 811 = 4*t, -t + 269 = a + t. Suppose 4*n - n - a = 0. What is the tens digit of n?
9
Let i(g) = -g**3 + 11*g**2 - 10*g + 15. Let u(k) be the third derivative of 5*k**4/12 - 6*k**2. Let x be u(1). What is the units digit of i(x)?
5
Let u(y) = -58*y**3 - y**2. Let t be u(-1). Suppose -5*k + t = -58. What is the units digit of k?
3
Let r(g) = 206*g**3 - g**2 - 2*g. What is the thousands digit of r(2)?
1
Let i(o) = -o**3 - 8*o**2 - 2*o - 1. Let a be i(-3). Let j = a + 108. What is the units digit of j?
8
Let h(i) = i**3 + 7*i**2 + 7*i + 1. Let g be h(-5). Suppose -4*j = g, -3*w + 70 = 5*j - 6. What is the units digit of w?
2
Let f(t) = 36*t - 76. What is the hundreds digit of f(11)?
3
Let y be (25/2)/(((-36)/(-8))/(-9)). Suppose 8*c - 3*c + 50 = 0. Let a = c - y. What is the tens digit of a?
1
Let t(y) = 2*y**2 - y - 29. Let f(b) = -b**2 + b + 14. Let w(x) = -13*f(x) - 6*t(x). Let l be w(8). Suppose l = -2*v + 20 + 14. What is the tens digit of v?
1
Suppose 10*q = 13755 - 3465. What is the thousands digit of q?
1
Let i be 2/(-1 + 4 + -4). Let n(z) = -30*z - 4. What is the tens digit of n(i)?
5
Let a be (-96)/(-18) + (-2)/6. Suppose 4*t - 57 = -a. Let x = t - -7. What is the units digit of x?
0
Suppose 12*n = 8*n + 20. Suppose -2*y + 52 = -g, -2*y - n*g = -0*y - 76. Let o = 54 - y. What is the units digit of o?
6
Let v be 684/27 + (-1)/3. Suppose 2*z - v = 13. What is the tens digit of z?
1
Let v be 2 - (-6)/(-3)*4. Let c(h) = -h - 7. Let s(x) = x + 6. Let b(m) = v*s(m) - 7*c(m). What is the units digit of b(-7)?
6
Let s = -5 + 26. Let x be (-2 - -9) + 2 + -2. Let o = s + x. What is the units digit of o?
8
Suppose -38*q - 4*q + 31500 = 0. What is the hundreds digit of q?
7
Let r(y) = y**3 - 11*y**2 + 12*y + 4. Suppose v - 20 = 2*w, -2*w = v - 0*w. What is the tens digit of r(v)?
2
Let c = -1400 - -1849. What is the units digit of c?
9
Let j(w) = 257*w**2 - 9*w - 8. What is the hundreds digit of j(-1)?
2
What is the hundreds digit of 12/(-15) + 399294/105?
8
Let q = -41 + 44. Suppose 13*c - r = 15*c - 548, 4*c - q*r = 1116. What is the hundreds digit of c?
2
Suppose -4*b - 3*o - 1399 = -5*b, 4*o = -b + 1413. What is the thousands digit of b?
1
Let u(o) = -o**3 + 30*o**2 - 47*o - 146. What is the tens digit of u(27)?
7
Let a(q) = 1174*q**2 - 6*q + 5. What is the hundreds digit of a(1)?
1
What is the thousands digit of ((-540)/21)/(60/(-3080))?
1
Let a(b) = b**3 + b**2 + b + 1. Let d(c) = -5*c**3 - 11*c**2 - 8*c - 2. Let x(v) = 4*a(v) + d(v). Let r be x(-6). What is the tens digit of 26/((-5)/r + 0)?
5
Let t be (-160)/64*(2 - 0/2). Let w(j) = -27*j + 27. What is the hundreds digit of w(t)?
1
Let s(b) = b**2 + 3*b - 1. Let v be s(-4). Suppose -4*a + 3*w = -443, 2*w - v*w + 549 = 5*a. What is the hundreds digit of a?
1
Let v(m) = 23*m**3 + 5*m**2 - 10*m + 23. What is the units digit of v(4)?
5
Let s = -20 + 20. Suppose -5*g + 20 = s, -o + 2*o - 155 = g. What is the units digit of o?
9
Let i(v) = 17*v**2 - 2*v - 2. Let u be i(-1). Let x = u - 13. Suppose -x*m = -6*m + 24. What is the units digit of m?
2
Suppose 0*u + 25 = 3*u + 4*t, 2*u - 22 = -4*t. Let g = -332 - -390. Suppose z + g = u*z. What is the tens digit of z?
2
Let v(o) = -4*o + 3 - 6 + 0*o + o**2. Suppose -12*l + 56 - 104 = 0. What is the tens digit of v(l)?
2
Let l(t) = -13*t - 4. Suppose 5*u - 4*p = 4*u + 15, 5*u + 30 = -p. What is the units digit of l(u)?
1
Let w = -124 - -410. Let f be (-4)/(-24) - w/(-12). Let a = f + -18. What is the units digit of a?
6
Suppose 1164 = -0*w + 5*w - 4*k, 700 = 3*w - 2*k. What is the hundreds digit of w?
2
Suppose 12*t = 3*t + 1773. Suppose 8*j - 7*j = t. What is the tens digit of j?
9
Let h(g) = g + 6. Let d be h(-11). Let u(z) = -30*z - 33. What is the units digit of u(d)?
7
Let m = 1836 + -302. Suppose 0 = 10*x + 3*x - m. What is the hundreds digit of x?
1
Let i(m) = 28*m**3 + 6*m**2 - 9*m + 5. What is the hundreds digit of i(2)?
2
Let s(f) = -f + 25. Suppose -1 = -3*c + 2. Let b(y) = -y**2 + 2*y - 1. Let n be b(c). What is the tens digit of s(n)?
2
Let h be (3 + -6 - -3) + 105. Let x = h + -59. What is the tens digit of x?
4
Let u = 51 - 166. Let h = -63 - u. Let k = h - 20. What is the units digit of k?
2
Let z(j) = -2*j - 4. Let l be z(0). What is the tens digit of 61/(5 - 4) - l?
6
Let o(v) be the third derivative of v**5/60 - v**4/3 + 6*v**2. Let s be o(9). Suppose a + 2 = s. What is the units digit of a?
7
Let h = 121 - 196. Let n = h + 114. What is the units digit of n?
9
Suppose 0*i - 288 = -3*i - 3*h, -3*i + 286 = 4*h. Suppose 40 = 3*x - i. What is the units digit of x?
6
Let y = 163 - -39. Suppose -4*h + 816 = q, -4*h = 2*q - y - 1422. What is the tens digit of 12/18 - q/(-12)?
6
Suppose -4*u + 2*r = -7724, -5*u - 31*r = -29*r - 9646. What is the units digit of u?
0
Let q(w) = w**3 - 6*w**2 + 5*w - 1. Let v be q(5). Let t be 21*v/(28/(-8)). Suppose 23 + t = j. What is the tens digit of j?
2
Let p be (-4)/(12/(-9)) - -1. Suppose p*y - 355 - 133 = 0. What is the tens digit of y?
2
Suppose 11700 = 325*d - 319*d. What is the units digit of d?
0
Let d(q) = -8*q - 5*q - 64 + q**3 + 63 + 9*q**2. What is the hundreds digit of d(-9)?
1
Let t = 10 - 0. Let n be (t/(-6))/((-30)/108). Suppose -3*v = 4*b - n*b - 129, 210 = 5*v - 5*b. What is the tens digit of v?
4
Let r(x) = 7*x + 2. Let v be r(-4). Let g = 56 + v. What is the units digit of g?
0
Suppose 7543 - 1404 = 7*a. What is the tens digit of a?
7
Let b = -3 + -14. Let x = 20 + b. Suppose t + 4*q = -9 + 30, -t + x*q - 7 = 0. What is the units digit of t?
5
Suppose -21855 = -5*d - 3*z, -113*z - 8742 = -2*d - 111*z. What is the tens digit of d?
7
Suppose -8*b + 35 = -5. What is the units digit of b*(4 - (-264)/20)?
6
Let s(h) be the second derivative of -h**4/12 + 3*h**3/2 - 5*h**2/2 + h. Let p be 3 - ((-8)/14)/((-38)/(-133)). What is the units digit of s(p)?
5
Let l(s) = s - 20. Let o be l(9). Let v = 42 - o. What is the units digit of v?
3
Suppose -2*t - 19 = -5*h, 3*h - t - 6 = 6. Suppose -p = 3*x - 28, 0 = h*p + 2*x + 31 - 184. What is the units digit of p?
1
Let r be (0 - 0)*(3 + 10/(-4)). Suppose w - 320 = -6*c + c, w - 4*c - 284 = r. What is the hundreds digit of w?
3
Let m(p) = -103*p + 56. What is the hundreds digit of m(-12)?
2
Let j(b) = 2*b**2 + 11*b + 64. What is the units digit of j(-5)?
9
Let g = -42 + 1661. What is the thousands digit of g?
1
Let q(l) = l**2 + 4*l + 5. Let c be q(-4). Suppose 0